**3 + i - 3. Let y(k) = 5*k**3 - 4*k + 12. Let h(v) = 9*a(v) + 2*y(v). What is h(0)?
-3
Let n(h) be the third derivative of -2/3*h**3 - 1/15*h**5 + 1/120*h**6 + 1/12*h**4 + 0 + 0*h + 3*h**2. Give n(4).
4
Let w be 2/4*(-5 + 5). Let a(x) = x**3 - x + 16. Determine a(w).
16
Let z(n) = n + 1. Let m(i) = 6*i + 4. Let u(o) = -m(o) + 2*z(o). Suppose -3 = -3*a - 0. Let v be 0/(-4) + (-2)/a. Give u(v).
6
Let l(t) = -95 + 5*t + 94 - t. Give l(1).
3
Let a(n) = 3*n + 1. Let u(v) = 7*v + 2. Let z(q) = 5*a(q) - 2*u(q). Give z(-8).
-7
Let j(u) = u - 6*u + 8*u + 2 + 4. Give j(-5).
-9
Let h(s) = -s**3 - 6*s**2 - 6*s - 9. Let c(y) = -y**2 - y. Suppose f - 5*v + v = -22, 0 = 3*v - 12. Let l(w) = f*c(w) + h(w). Calculate l(0).
-9
Let p(h) be the first derivative of -11*h**4/12 - 2*h - 1. Let s(c) be the first derivative of p(c). Calculate s(-1).
-11
Let t(n) = 4*n + 38. Let g be t(-8). Let z(y) = y**2 - 5*y. Determine z(g).
6
Let z(x) = -6 + x + 3 - x - x. Calculate z(-6).
3
Let j(h) = 2*h**2 - 4*h + 4. Suppose -2*z - 3*z + 15 = 0. Determine j(z).
10
Let w = 12 + -11. Let b(v) = -12*v**3 - 2*v**2 + 2*v - 1. Calculate b(w).
-13
Let s = -9 - -11. Suppose -g = j + 4 + 3, 4*j = s*g - 4. Let u(z) = -z - 3. Give u(j).
0
Let a(p) = -2 - 4*p**2 - p**3 - 4*p**3 - 4*p**3 + 8*p**3. Calculate a(-4).
-2
Let a(v) = -2*v**2 + 10*v + 3. Let f(o) = 5*o**2 - 29*o - 10. Let x(j) = 8*a(j) + 3*f(j). Determine x(-5).
4
Let r(j) = j**2 - 4*j + 6. Suppose o + 0*o = -1, -o = 4*k + 1. Suppose 5*t = -k*t. Suppose -5*f + 16 = 4*c, t*f + c = 2*f - 9. Give r(f).
6
Let j(y) be the second derivative of -y**3/6 + 5*y**2/2 - 2*y. Suppose 0 = 2*n + n - 15. Suppose n*k - 26 = -1. Determine j(k).
0
Let j(n) = 2*n**3 - n + 1. Suppose -5*x + 2*c = 2, -3*x - 5*c + c = -4. Let r(u) = -u**3 - u + 1. Let l be r(x). Calculate j(l).
2
Let w(y) = -y**2 + 2. Let h be w(-2). Let i = h + 2. Let o(l) = l + 4. Determine o(i).
4
Let l(q) = -q**3 + 4*q**2 - q - 2. Suppose 3*t + 2*i + 1 = -3*i, 4*i + 11 = t. Determine l(t).
4
Let q(s) = 5*s**2 - 6*s + 3. Let n(v) = -v + 1. Let t(b) = -6*n(b) + q(b). Let f(l) = 6*l**2 - l - 3. Let i(r) = -6*f(r) + 7*t(r). What is i(4)?
5
Let r be 282/(-54) - 4/(-18). Let y(h) = h**2 + 7*h + 3. What is y(r)?
-7
Suppose 8 = 2*z - 6. Let q = z - 8. Let t(d) be the second derivative of -d**4/4 - d**3/3 - d**2/2 - d. Calculate t(q).
-2
Let y(p) = -p**3 + 4*p**2 - 2*p - 1. Let d be y(3). Suppose -d*m = 1 + 3. Let o(g) = -g**3 + g**2 + g - 2. Determine o(m).
8
Let v(q) be the first derivative of -11*q**4/2 + q**2 + q + 64. Give v(-1).
21
Let o(m) = 0*m - 3*m + 2*m**2 - m**2. Let r = -12 - -16. Calculate o(r).
4
Let s(f) = -f**3 + 3*f**2 - f + 1. Let i(w) = 1. Let x(j) = 3*i(j) + s(j). Give x(3).
1
Let f(z) = 2*z + 2. Let j be f(-5). Let u = 4 + j. Let c(l) = l + 2. What is c(u)?
-2
Let u be (14/35*15)/(3/2). Let a(y) = -y**2 + 7*y - 5. Give a(u).
7
Let i(s) be the third derivative of s**8/6720 - s**7/504 - s**6/240 - s**5/15 + s**4/8 - 4*s**2. Let h(b) be the second derivative of i(b). Determine h(6).
10
Let c = 1 + 0. Let y(i) = -16*i**3 + i + 3. Let z(h) = 15*h**3 - h - 2. Let g(k) = -3*y(k) - 4*z(k). Calculate g(c).
-12
Let l(q) = 6*q - 1. Suppose -4*c + 4*i = -0*i + 44, -39 = 3*c - i. Let s be c/(2/((-1)/1)). Let o = s - 5. Give l(o).
11
Let f(p) = 0*p**2 - 2*p + 5*p**2 + 0*p**2 - 6*p**2. Give f(-5).
-15
Let w(c) = 5*c**2 + 21 - c**3 - 16 - 8. Suppose 2*s = 5 + 5. What is w(s)?
-3
Let f(a) be the second derivative of a**4/12 - 2*a**3/3 + 5*a**2/2 - 98*a. Let v = 11 + -6. Give f(v).
10
Suppose 12 = -5*a - 5*h + 2, -12 = 3*a + h. Let s be (-2)/(-5) - 8/a. Let z(f) = -s + 4*f**2 + 0 + f**2 - 3*f**2. What is z(2)?
6
Let o(m) = -m**3 - 5*m**2 - m + 1. Let s(r) = r + 2. Let z be s(-2). Suppose z = -5*l + 7 + 3. Let y be (-5)/(-10) - 11/l. What is o(y)?
6
Suppose -5*c - s - 2*s = -22, -s = 1. Let w(u) = u + c*u - 3*u. Give w(-2).
-6
Let f(z) be the first derivative of -4*z**3 - z + 2. What is f(-1)?
-13
Suppose -f + 8 = -3*j - 6, f = -1. Let p(u) = u**3 + 5*u**2 + u - 4. Give p(j).
-9
Let a(u) = -u + 1. Let q(r) = -5*r + 21. Let x(c) = -6*a(c) + q(c). Determine x(0).
15
Let p(r) = 2*r**3 + r - 1. Let i be p(1). Let f(t) = 7*t + 16*t - 22*t + 2. Determine f(i).
4
Let k(h) be the first derivative of -h**3/3 - 5*h**2/2 - h + 1. Suppose z = -3*z + 4*s, -5*s + 16 = 3*z. Let q = -7 + z. Determine k(q).
-1
Let x be 33/(-44) + (-22)/(-8). Let q(y) = y**3 - 2*y**2 - 1. Determine q(x).
-1
Let j(b) = -2*b**3 + 3*b**3 + 4*b + b**2 - 3 - 5*b**2. Let g be j(2). Let q(m) = 5*m + 2. Let w(u) = -6*u - 2. Let a(o) = 5*q(o) + 4*w(o). Calculate a(g).
-1
Let x be 1 - -1 - 0/1. Let j(d) = 6*d - x*d - 2 - d**2 + 6 - 6. Give j(5).
-7
Let g(l) = -3*l**2 - 15*l + 7. Let b(q) = q**2 + 7*q - 4. Let p(o) = 5*b(o) + 2*g(o). Calculate p(4).
-2
Let k(a) = -a**2 + a + 2. Let n be k(3). Let m(z) = -z**2 - 7*z - 6. Calculate m(n).
6
Let g(u) = -1 + u + 4*u - 8*u. What is g(1)?
-4
Let p be 0 + 0 + 0/(-1). Let c(v) = -v**3 - v**2 + 0 + p - 3 + 6*v**2 - 5*v. Suppose 2*k + 4 = 3*g, 2 + 2 = -3*g + 4*k. Give c(g).
-7
Let o(p) = p**2 + 4*p - 1. Let k(a) = -a**2 - 4*a + 2. Let d(y) = -5*k(y) - 4*o(y). Give d(-6).
6
Suppose 0 = -2*q - 2*s + 14 - 0, 0 = 5*s - 15. Let r(m) be the second derivative of 1/12*m**q - m - 1/3*m**3 + 0 - 3/2*m**2. What is r(-2)?
5
Let l(f) be the second derivative of -f**4/12 - 5*f**3/3 - f**2 + 29*f. Determine l(-7).
19
Let v = -179 - -171. Let t(d) = -d**3 + 8*d**2 - d + 6. Let m(o) = -o**3 - o + 1. Let z(k) = 2*m(k) - t(k). What is z(v)?
4
Let c(p) = 5*p**2 - 11*p - 5. Let j(o) = -o**2 + o. Let u(f) = -c(f) - 6*j(f). Calculate u(-4).
1
Let r(s) = -15*s + 6. Let h(a) = -a + 1. Let p(v) = -6*h(v) + r(v). Determine p(-1).
9
Suppose 0*g = -g - 3. Let y be g/(-2)*(-2)/(-3). Let w(q) = y + q - 1 + 2. Determine w(2).
4
Let u(n) = -4*n**3 + 7*n**2 - 5*n + 3. Let l(h) = 7*h**3 - 14*h**2 + 10*h - 5. Let k(v) = -3*l(v) - 5*u(v). Give k(6).
6
Let p(g) = 4*g + 10 - g - 6*g + 4*g. Let t be p(-8). Let h(m) = -3*m - 7*m**2 + 4*m + 2*m**2 + 4*m**2. Give h(t).
-2
Suppose -4*b + 2*w - 6 = 0, 5 = -5*b + 4*w - 1. Let u be 9/(-6) - 7/b. Let s(p) = -p**3 + 2*p**2 - 4*p + 2. Determine s(u).
-6
Let v(a) = -a + 1. Let z(t) = t - 1. Let r(m) = -6*v(m) - 7*z(m). Let n(l) = -l - 4. Let g(o) = -n(o) + 2*r(o). Let b = 0 - 0. Calculate g(b).
6
Let g be -15 + -1 + (-4 - -5). Let y be -2*(g/6 + 1). Let d(z) = -z + 1. What is d(y)?
-2
Let w(g) = g**2 - 8*g. Let n be w(7). Let f(r) = -84*r**2 - 6*r + 45*r**2 + 38*r**2. What is f(n)?
-7
Let g(s) = s**2 + 2*s + 0*s - 4 + 2*s. Let z(a) = -a**3 + a**2 + a. Let t(l) = g(l) + z(l). Suppose 15 = b + 4*i, 0 = -2*b + 5*i - 2 - 7. Determine t(b).
2
Let d(m) = -6*m**2 - 3*m - 1. Let q(b) = -7*b**2 - 3*b - 2. Let k(h) = -5*d(h) + 4*q(h). What is k(2)?
11
Let d(h) = h**3 + 5*h**2 + h + 2. Suppose 0 = -4*c - 2*o + 14, c - 4*o = 3*c - 16. Let y = -7 + c. Calculate d(y).
-3
Let u(x) = 3*x**2 - 3*x + 15. Let s(j) = -j**2 + j - 7. Let f(g) = -5*s(g) - 2*u(g). Determine f(4).
-7
Let p(c) be the second derivative of c**3/6 - 2*c**2 - 5*c. Let i(r) = -r + 7. Let y(d) = -6*i(d) - 11*p(d). Let v(q) = q. Let h be v(2). What is y(h)?
-8
Let b(i) = -i - 11. Let p be b(-15). Let u(h) = -h - 2. Determine u(p).
-6
Let d = 10 + -15. Let x(c) = 3*c**2 - 3*c - 8. Let f(r) = 7*r**2 - 5*r - 17. Let v(n) = -4*f(n) + 9*x(n). Calculate v(d).
6
Let q(z) = -84*z - 4 + 4 + 85*z. Determine q(5).
5
Let c(n) be the first derivative of -n**3/3 + 4*n**2 + 2*n - 5. Let l(h) = h**2 - h + 1. Let k(s) = c(s) + 2*l(s). What is k(-4)?
-4
Suppose y - 21 = 4*y. Let d(t) = -12*t + 19. Let i(k) = 5*k - 9. Let s(x) = 3*d(x) + 7*i(x). Determine s(y).
1
Let j(i) = i**2 + i + 7. Let p = -112 - -112. Give j(p).
7
Let u(d) = 3*d**2 - d - 1. Suppose -k = -6*k. Suppose b + 1 = -k. What is u(b)?
3
Let y(w) = -2*w - 9. Let q be 9/(-2) - (-12)/(-8). Give y(q).
3
Let l(x) = -x + 6. Let t be ((-9)/6)/((-3)/12). Determine l(t).
0
Suppose -j - 14 = a, -3*a + 10 = -j - 0*a. Let z = j + 20. Let x be -4 + z + 0 + 1. Let t(f) = -f**3 + 4*f**2 + f - 4. Determine t(x).
0
Let m(g) = -g**3 - 6*g**2 - 6*g - 2. Let i be -2 + (4*-3)/(-2). Suppose l - 2*c = i + 1, 0 = 5*l - c + 20. Determine m(l).
3
Let g(r) be the third derivative of -r**5/60 + r**4/8 + r**3/3 + 9*r**2